9.
44
Let w(o) = 2 - 5*o + 4*o - 14*o. Calculate the remainder when 7 is divided by w(0).
1
Suppose -9*x - 2254 - 185 = 0. Let r = x - -307. Calculate the remainder when 100 is divided by r.
28
Calculate the remainder when 81 is divided by (-155)/(-5) + (-6)/(-1) + -6 + 5.
9
Let q = 273 - 262. Suppose 2*x = -4*k + 38, -q*x + 8*x = -9. Calculate the remainder when 12 is divided by k.
4
Let h = -525 + 247. Let b = h + 450. What is the remainder when b is divided by 61?
50
Let j(o) = -2*o**3 - 30*o**2 - 14*o + 233. Suppose 0 = -c + 2*b + 21, 5*c + 2*b - 80 = 73. What is the remainder when j(-14) is divided by c?
8
Let o = 14198 - 14186. What is the remainder when 6837 is divided by o?
9
Let k = -2800 + 2872. Suppose -5*q = 5*b - 85, 0 = 3*b - b - 2*q - 42. Calculate the remainder when k is divided by b.
15
Suppose -1015 = -5*p + 5*q, p - 175 = -5*q + 10. Suppose 12*v - p = 4*v. Calculate the remainder when 248 is divided by v.
23
Suppose w + 1248 = b, 2*b - w = 3693 - 1201. Calculate the remainder when b is divided by 207.
2
Suppose 3*u = 5*l - 16068, -12641 = -5*l - 4*u + 3455. Calculate the remainder when l is divided by 35.
31
Let g(z) = z**3 + 9*z**2 + 16*z + 48. Suppose 4*x = -2*q - 24, -6*x - 3*q - 15 = -3*x. Calculate the remainder when 164 is divided by g(x).
28
Let y = -569 - -575. Suppose y*l + 24 = 9*l. Suppose 0 = j + j - 72. Calculate the remainder when j is divided by l.
4
Calculate the remainder when 5043 is divided by -26*(30/5 - (20 + -12)).
51
Suppose 7*r - 13*x + 15*x - 54 = 0, 23 = 3*r + x. Let w(v) = v**3 + 4*v**2 - v + 1. What is the remainder when r is divided by w(-4)?
3
Suppose 92 = -4*m - 96. Let j = m + 52. Suppose -j*i - 5*z + 4*z = -255, z - 102 = -2*i. Calculate the remainder when i is divided by 26.
25
Let j(i) = -3*i**3 + 2*i**2 + 5*i + 2. Let d be j(-4). Let r = 263 - d. What is the remainder when r is divided by 24?
9
Let m be -160 - (50/(-275) + (-53)/11). Let t = 295 + m. Calculate the remainder when t is divided by 18.
14
Let z(j) = -8*j**3 + j**2 + 3*j + 2. Let x be z(-1). Let m be (3 + -3)*x/(-24). What is the remainder when 3 + m - (2 + (-5)/5) is divided by 1?
0
Suppose 2*x = g + 169, 181 = 2*x - 3*g + 18. What is the remainder when 272 is divided by x?
14
Suppose 3*m - 114963 + 114789 = 0. Suppose r - 90 = -c - 2*r, 4*c = -2*r + 410. What is the remainder when c is divided by m?
47
Suppose 2*u - p = 2*p + 95, -3*u = 5*p - 95. Suppose -4*j = -i - 297, -24*j - i - 145 = -26*j. Calculate the remainder when j is divided by u.
36
Calculate the remainder when (-3 - -7 - -4) + -9 - -3629 is divided by 30.
28
Suppose -2*c = -166 + 42. Calculate the remainder when c is divided by ((-1840)/(-64))/(665/1064).
16
Let p = 6171 - 5749. What is the remainder when p is divided by 164?
94
Let j(u) = -4*u**2 - 10*u - 5. Let c be j(6). Let p(y) = 89*y**2 - y - 1. Let s be p(2). Let f = s + c. Calculate the remainder when f is divided by 49.
46
Let a = 4 - 22. Let w = a + 12. Calculate the remainder when (w/18*3)/((-2)/244) is divided by 41.
40
Let v be 46/69*3*(-3)/3. Let w(c) = -27*c + 10. Calculate the remainder when 317 is divided by w(v).
61
Suppose 0 = 129*n + 83*n - 21412. What is the remainder when n is divided by 101?
0
Suppose -56 = -8*n - 0*n. Let a(g) = g**2 + 5. Calculate the remainder when a(-5) is divided by (3 - -9) + 2 + (1 - n).
6
Let u(k) = 2*k**2 + 47*k - 201. Calculate the remainder when 3056 is divided by u(4).
16
Suppose -2*l + 2*n + 8 - 2 = 0, 4*n + 9 = l. Calculate the remainder when 30 + l*-6*(-5)/30 is divided by 16.
15
Suppose 3*m + 4*a - 56 = -0*m, 5*m - 76 = 2*a. Suppose f - 1 = -3*i, i = 3*i + 10. What is the remainder when m is divided by (-12)/f*-4 - -3?
4
Let l = -677 - -680. Suppose j + 3*j + 52 = 0. Let o = -11 - j. Calculate the remainder when l is divided by o.
1
Suppose -8200 = 80*r - 83*r - m, 0 = -m + 7. What is the remainder when r is divided by 20?
11
Suppose -157 = -6*s - 109. Suppose s*r - 3*r = 795. Calculate the remainder when r is divided by 54.
51
Suppose -38*b = -85*b + 23171. What is the remainder when b is divided by 32?
13
Suppose 52*p - 53*p + 149 = 5*v, -2*v = 3*p - 382. What is the remainder when p is divided by 109?
15
Suppose 5*j - 221 = 54. Suppose -i + 4 = 4*d, 0 = -2*i - 5*d + 8. Suppose 0 = -i*z - 50 + 110. Calculate the remainder when j is divided by z.
10
Let n(p) = -p**3 - 14*p**2 - 27*p - 225. Calculate the remainder when n(-17) is divided by 72.
21
Suppose -72 = -2*c - 2*c. Suppose -6389*g + 8820 = -6284*g. Calculate the remainder when g is divided by c.
12
Suppose -4*t - 2*x = -5798, 0 = -145*t + 149*t - 5*x - 5833. What is the remainder when t is divided by 91?
87
Suppose 169 = 4*w - 5*f, 2*w - 4*f - 67 = 25. Suppose u = -141 + 353. Calculate the remainder when u is divided by w.
32
Suppose 2*g = 48 + 48. Suppose 3*w = 9, o = -2*o - 5*w + g. Suppose 22*k = 162 + 542. What is the remainder when k is divided by o?
10
Let p(z) = -z**3 + 10*z**2 - 40*z + 99. Let y = -1 + 1. Suppose y*o = 2*o - 12. What is the remainder when o is divided by p(6)?
0
Suppose 0 = 22*f + 5 - 49. Suppose -5*q - 5 = 0, k - f*q = 41 - 8. Calculate the remainder when 76 is divided by k.
14
Let p = -2792 - -2955. Calculate the remainder when p is divided by 26.
7
Let d(r) = 4*r**3 - r - 2*r**2 + 7*r**3 - 7*r**3 + 2. Suppose 14*f - 10 = 9*f. Calculate the remainder when d(1) is divided by f.
1
What is the remainder when 201 - (-11 - -8) - 11 is divided by 59?
16
Let y = 32 - 37. What is the remainder when -3 - (-44 + -1 + 3) is divided by (-39)/(-9) + y - 132/(-9)?
11
Let z(a) = a**2 - 13*a + 9. Suppose -16*v = 10*v - 4316. What is the remainder when v is divided by z(16)?
52
Let h be (-328)/(-10) - 9/(-45). Suppose 0 = 75*s - 74*s - h. What is the remainder when 63 is divided by s?
30
Let n(y) = y**3 - 6*y**2 + 9*y - 3. Let m be n(3). Let x = m + 10. What is the remainder when 9 is divided by x?
2
What is the remainder when 3933 is divided by (-13*(-9)/(-18))/(1/(-6)) - -2?
38
Suppose -23*a + 24*a - 5*k - 10 = 0, 5*a - 3*k = 94. What is the remainder when 356 is divided by a?
16
Suppose 24*q - 17186 = 44830. What is the remainder when q is divided by 13?
10
Let a(r) = 4*r**2 - 14*r - 13. Suppose 3*j = -4*q + 15, -7*q + j = -3*q - 27. Calculate the remainder when a(q) is divided by 10.
7
Suppose -5*i = 2*v - 2*i + 1, -2*v + 5*i = -23. Suppose 8*d - 3*d + t = 424, -d + 81 = v*t. What is the remainder when d is divided by 20 + 4 + (5 - 7)?
19
Let y(a) = -8*a**3 - 87*a**2 + 40*a + 59. Calculate the remainder when y(-12) is divided by 80.
75
Let i = 4943 + -4865. Calculate the remainder when 2412 is divided by i.
72
Let u(g) = g**3 - 33*g**2 + 137*g - 572. Calculate the remainder when (1*58)/1 + -2 is divided by u(29).
19
Suppose -b + 27 = -5*w, 0 = -90*w + 87*w. What is the remainder when 4695 is divided by b?
24
Let i(j) = -j**2 - 6*j + 78. Let k be i(-11). Suppose 7*h = -k*h + 1590. What is the remainder when h is divided by 6?
5
Let o be -3 + (-11)/((-44)/48) + -2. Let i(m) = m**2 - 11*m - o - 10*m + 17*m. Calculate the remainder when 43 is divided by i(6).
3
Suppose -j + 490 = 4*b, -4*b - 3*j + 8*j + 502 = 0. Suppose -3*w = -b + 24. Calculate the remainder when w is divided by (-1)/(63/(-756)) + -2 + -3.
5
Let d(g) = -5*g + 10. Let r(b) = -b**2 - b + 1. Let o be r(2). What is the remainder when 1539/15 + (-12)/(-30) is divided by d(o)?
33
Let k(s) = 45*s - 57 - 15*s - 25*s + 17. What is the remainder when k(11) is divided by 4?
3
Let j(l) = -25*l + 111. Suppose 12*u - 13*u = 4. What is the remainder when j(u) is divided by 71?
69
Let l be -26*14*(-3)/12. Suppose 0 = l*m - 79*m - 12. What is the remainder when 6 is divided by m?
0
Suppose 3*u + 0*u = 84. Suppose -4*m - 2*j = 64, 4*j - 1 = -17. Let s(d) = d**3 + 12*d**2 - 38*d - 29. What is the remainder when s(m) is divided by u?
27
Let c = 52 - -156. Suppose -5*j = -5*h - 2*j + c, -4*h = -j - 165. What is the remainder when 109 is divided by h?
27
Let m = -55 - -178. Suppose -6*l = -23 - 7. Let p(y) = -y + 30. Calculate the remainder when m is divided by p(l).
23
Suppose 0 = -4*z + 10 + 42. Suppose 3*m - 43 = -z. Let f = -28 - -41. Calculate the remainder when f is divided by m.
3
Suppose 0 = -361*w + 334*w + 432. Calculate the rema